z + 4 - 9 = -3*n. Calculate h(z).
-4
Let w be 12/9*(-3)/(-2). Let l be 4 + w - (2 - 1). Let t(p) = -3 + p**2 - 3*p + p**3 - 3*p**2 + l. Determine t(3).
2
Let y(n) = -n**3 - n**2 - n - 1. Suppose 5*x = -3*g + 29 - 84, -2*x = 3*g + 40. Let m = g - -9. What is y(m)?
0
Let o = 5 + -2. Let w(m) = -3*m**3 + 4*m - 2*m + 2*m**o. Suppose -6*g - 11 = 1. Calculate w(g).
4
Let o be 1/2 - (-45)/30. Let w(m) = m**o + 3*m - 2 - 3*m**2 + 2*m. Determine w(3).
-5
Let p(q) = q**3 + 6*q**2 + 6*q + 3. Let k = 21 + -26. Determine p(k).
-2
Let w(x) = 0 - 4 - x**2 + 2. Let i = 8 - 8. Determine w(i).
-2
Suppose -p - 4*p = 25. Let x(j) = j**2 + j - 2. Determine x(p).
18
Let j(b) be the second derivative of b**7/280 + b**6/180 + b**5/60 + b**4/24 + 2*b**3/3 + 4*b. Let f(m) be the second derivative of j(m). Calculate f(-1).
-2
Suppose 6*d - 3*d + 9 = 4*p, 4*p - 4*d - 12 = 0. Let h = 5 + -2. Let g(n) = -2*n + 11. Let q(r) = -3*r + 12. Let c(f) = h*q(f) - 4*g(f). Give c(p).
-8
Suppose 5 = 4*a + a. Let b(j) = 2*j**2 + 4*j - 1. Let v be b(-4). Let i(c) = 11*c**2 + 3 - v*c**2 - 2. Calculate i(a).
-3
Let y(f) = -f**2 - 6*f + 3. Suppose -p = 3*p - 24. Suppose -3*a - 1 = -5*w, 3*w + p + 0 = 4*a. Suppose a*q + q = -20. Give y(q).
8
Let s(t) = -t**3 + 6*t**2 + 6*t + 4. Let d be s(7). Let j(w) be the first derivative of -w**3/3 - w**2/2 - 2*w - 7. What is j(d)?
-8
Let h(p) = -11*p + 13. Let f(k) = -2*k + 1. Let i(t) = 5*f(t) - h(t). Give i(13).
5
Suppose -5*c + 8*c = 240. Suppose -c = -b - 4*b. Let m be (-2)/(-5) - b/(-10). Let d(x) = -x**3 + 3*x**2 - 3*x + 2. Calculate d(m).
0
Let c be (-3 - -4)*-3 - -5. Let q(n) = n - 2*n**2 + 1 - 1. Give q(c).
-6
Let l(s) = 2*s - 11. Let q be l(6). Let f(b) = b. Let a(c) = -10*c. Let t(h) = q*a(h) + 15*f(h). What is t(1)?
5
Suppose -b = -4*p - 23, 4*b - p + 3*p = 2. Suppose -b*n = -4*n. Let v(y) = -y**2 + y - 8. Determine v(n).
-8
Let d(n) be the first derivative of -n + 7*n**2 - 4*n**2 - 3 - 2*n**2. Give d(3).
5
Let s(o) = 3*o + 3 + 0 - 30*o - 2*o**2. Let t(j) = j**2 + 13*j - 1. Let b(g) = 6*s(g) + 13*t(g). Determine b(-5).
-5
Let q(w) be the second derivative of w**5/20 - w**4/4 - 7*w**3/6 - w**2 + w + 14. Suppose 0*h - 20 = -4*h. Give q(h).
13
Let u(l) = 2*l**3 + 8*l**2 + 7*l - 9. Let t(g) = 10*g**3 - 2*g + 9*g**2 - 7*g**3 - 9 + 9*g. Let z(a) = -3*t(a) + 4*u(a). Give z(6).
-3
Let v(k) = -k**2 - k - 1. Suppose 6*c - 2*c + x = 4, 0 = c - x - 1. Suppose -2*r = -c - 7. Suppose -g + r*g = 0. Calculate v(g).
-1
Let z(c) = -c**3 + 5*c**3 + 23 - 24. Let g = 0 - 1. Give z(g).
-5
Let x(c) = -4*c - c**3 - 13 + 23 - 6*c**2 - 14 + 0*c**3. Calculate x(-6).
20
Let r be 14/2 + 0 - -1. Let k(t) = 7*t**2 + 14*t + 6. Let h(p) = 11*p**2 + 21*p + 9. Let f(z) = r*k(z) - 5*h(z). Calculate f(-6).
-3
Let r(o) = o**3 + 8*o**2 + 5*o - 10. Let w be r(-7). Let d(m) be the first derivative of w*m + 1/2*m**2 - 3 - 1/4*m**4 - 4/3*m**3. What is d(-3)?
-8
Let x(h) be the third derivative of -h**5/60 - 5*h**4/12 - 3*h**3/2 - h**2. Determine x(-8).
7
Suppose 0 = 21*n - 19*n + 10. Let d(p) = -4*p - 6. Give d(n).
14
Suppose 0 = -4*w + 16, 5*f + 4*w = 4*f + 11. Let n(d) = -2*d - 6. Let t be n(-4). Let v(h) = h**2 + 4*h + 0 - t*h - 7. Determine v(f).
8
Let j(k) be the second derivative of 0*k**3 + 1/720*k**6 + 1/120*k**5 - 3*k + 0*k**2 + 0 + 1/12*k**4. Let r(n) be the third derivative of j(n). Determine r(-3).
-2
Let b(w) = 5*w**3 - w**2 + 1. Suppose 5*k - 26 = -v, 0 = k - 4*k + 15. Give b(v).
5
Let v(r) be the third derivative of -r**2 + 0 + 0*r + 1/24*r**4 + 5/6*r**3. Let k be v(0). Let p(c) = -c**3 + 5*c**2 - c + 5. Give p(k).
0
Let b(k) = 8*k**2 + 4*k - 11*k**2 + 2 + 4 - k**3 + 7*k**2. What is b(5)?
1
Let c(z) = -z**3 - 11*z**2 - 11*z - 7. Let k be c(-10). Suppose 2*i + 5*w + 10 = 0, 2*i + k*w = 5*w - 10. Let p(r) = r**2 + 5*r - 6. Calculate p(i).
-6
Suppose 2*n + n + 1 = -2*s, 4*s = -8. Let m(j) = -17*j**2 - j. Calculate m(n).
-18
Let a(h) be the third derivative of h**4/24 - h**3/3 - 6*h**2. Suppose 4 = -2*v, 0 = 2*x - 3*x - 3*v - 6. Give a(x).
-2
Let b(m) = -2*m**2 - 4*m - 1. Let g(p) = 2*p**2 + 4*p + 1. Let k(c) = -2*b(c) - 3*g(c). Give k(-3).
-7
Let b(i) = 4*i - 6*i + 2 - 1 + 1. Give b(2).
-2
Let q be -1 + 5/5 - 8. Let a(v) = -v**2 - 11*v - 3. Calculate a(q).
21
Let k(p) = p**3 + 2*p**2 - 3*p - 1. Let a(z) = -z**2 + 5*z + 3. Let b = 6 - 1. Let d be a(b). Let t be 8/12 + (-8)/d. Determine k(t).
5
Let j(n) = 1 + 5*n**2 - 1 - 4*n**2 - 2. Let k(w) = w**3 + 6*w**2 - 7*w - 2. Let y be k(-7). Calculate j(y).
2
Suppose -6*s = -2*s + 12. Let l(a) = a**3 + 4*a**2 + 3*a + 3. What is l(s)?
3
Let a(m) = 12*m**2 - 6*m - 6*m**2 - 5*m**2 + 3. Give a(6).
3
Let s(j) = -j**2 + 9*j - 8. Let f be s(8). Let l be -3*(4/(-6) - f). Let k(v) = -v - 2 + l. Calculate k(1).
-1
Suppose 13*x = 15*x - 2. Let y(k) = -11*k**2 - k + 1. What is y(x)?
-11
Let k = -13 - -8. Let q(c) = 2*c**3 + 6*c**2 - 2*c - 3. Let t(l) = -l**3 - l**2 + l - 1. Let r(n) = -q(n) - t(n). Calculate r(k).
-1
Let v(w) be the first derivative of -w**2/2 - 6*w - 8. Give v(-5).
-1
Let a(p) = -14*p**2. Let b(m) = 4*m**3 - 9*m**2 + 3*m + 4. Let s(v) = -5*v**3 + 10*v**2 - 4*v - 5. Let t(u) = -4*b(u) - 3*s(u). Let z be t(6). Give a(z).
-14
Let a(p) = 4*p**3 - p**2. Let w be (-4)/1 - (-7 - -4). Determine a(w).
-5
Let w(k) = -k**2 + 2*k + 1. Let q = 1 - 3. Give w(q).
-7
Let t(z) = -z - 1. Let m(k) = -3*k**2 + 4*k + 2. Let j be m(-1). What is t(j)?
4
Let z(y) = y**3 - 6*y**2 + 3*y + 6. Suppose -30 = 16*m - 22*m. What is z(m)?
-4
Let o(h) = -7*h**3 + 2*h**2 - 1. Suppose j - 3*j + 5*d = -8, -1 = -3*j + 2*d. Let m(f) = f**2 + f + 1. Let k be m(j). Give o(k).
-6
Suppose 0 = -4*q + 5*v - 1, 5*q = 4*v - v + 2. Let g(s) = -8*s + 13*s - 1 - s**2 - 9*s + 6*s. What is g(q)?
0
Let k(c) = -2*c - 7. Let z be k(-6). Let s(v) = -11*v**2 + 18*v - 10. Let a(y) = -7*y**2 + 12*y - 7. Let f(d) = z*s(d) - 8*a(d). Calculate f(5).
1
Let d(g) = -g - 3. Suppose r - f - 8 = 0, 2*r = -r + 5*f + 28. Calculate d(r).
-9
Let l(f) = f**2 - f - 6 + 7*f - f + 13. Suppose 0 + 10 = -2*g. Calculate l(g).
7
Let w(l) = -l**3 + 7*l**2 - 6*l - 8. Let p = 24 + -18. Calculate w(p).
-8
Let w(i) = 3 + 2*i**2 + 42*i**3 - 3*i - 77*i**3 + 36*i**3. Calculate w(2).
13
Let i(a) be the second derivative of -6*a + 0 + 1/6*a**4 + 1/3*a**3 - 1/20*a**5 + 3/2*a**2. Determine i(3).
0
Let a be (1 - 0 - -3) + 0. Suppose a*z = 2*z. Let u(i) = i**3 + i + 1. Let j(l) = -l**2 - 2*l. Let m(h) = j(h) + u(h). Determine m(z).
1
Suppose -5*f + 25 = -0*f. Let d = f - 5. Suppose -3*p + d - 12 = 0. Let h(j) = -j**2 - 4*j - 2. Determine h(p).
-2
Suppose -5*s + h + 17 = -9*s, 0 = -3*s - 5*h. Let a(k) = -k**2 - 5*k - 5. Give a(s).
-5
Let k be ((-4)/10)/((-4)/20). Let o(y) = -y**k + 5*y - 2*y + 4*y - 2*y - 2. Let p = 10 - 7. Determine o(p).
4
Let h(i) be the third derivative of i**6/120 - i**5/15 + i**4/12 - i**3/2 + 20*i**2. Calculate h(2).
-7
Let g(x) be the first derivative of -2*x**3/3 + x**2 - 1. Let a = -391 - -389. What is g(a)?
-12
Let v be (-8)/(-6)*(0 - 6/(-2)). Let f(x) = x**3 - 5*x**2 + 3*x + 1. Give f(v).
-3
Let f(j) = j**3 + 6*j**2 - 7*j + 1. Let w be 4/(-6)*6/4. Let v be w + 2 + -14 + 6. Determine f(v).
1
Let y = 2 - 6. Let k(c) = 10*c - 13. Let v(i) = -5*i + 6. Let t(a) = y*k(a) - 9*v(a). Give t(-2).
-12
Let j(z) = z**3 - 6*z**2 + 5*z - 5. Suppose 3*s + 1 = 13. Calculate j(s).
-17
Let k be (-6)/(-1)*4/6. Let t(z) be the first derivative of -z**3/3 + 2*z**2 + z + 8. Give t(k).
1
Let j(h) = 3*h**2 - 5*h. Let g(m) = 8*m**2 - 15*m - 1. Let b(l) = -4*g(l) + 11*j(l). What is b(-5)?
4
Let i(b) = -b**3 - 5*b**2 + 9*b + 1. Let q be i(-6). Let c = -12 - q. Let h(r) = -2*r - 12. Let n(j) = -j - 1. Let a(p) = -h(p) + 3*n(p). What is a(c)?
4
Suppose 5*t = -2*w - 2*w + 7, 3*t - 7 = -w. Let m(d) = d**2 - 4*d - 1. Determine m(t).
-4
Let i(t) be the first derivative of t**5/60 + t**4/12 + t**3/6 + 3*t**2/2 + 2. Let w(g) be the second derivative of i(g). Give w(-3).
4
Let t(l) be the second derivative of -2*l + 1/10*l**5 + 1/12*l**4 + 0*l**2 + 0 + 1/6*l**3. Suppose 0 = 3*i - 0 + 3. Calculate t(i).
-2
Let y(f) = -f**3 + 8*f**2 + 7*f + 13. Let b be y(9). Let l(d) = 2 - 6 - 6 + d. Let z(c) = c - 7. Let m(v) = b*l(v) + 7*z(v). Determine m(1).
3
Let q(p) = -p - 24 - 19 + 37. Give q(0).
-6
Let c(k) = k**2 - 4*k - 6. Let